 + 5*l - 2. Let j be c(4). Suppose -4*v = -66 - j. What are the prime factors of v?
17
Suppose k - 41 = -3. Suppose 0 = 4*r - k + 2. List the prime factors of r.
3
What are the prime factors of 544/(-48)*15/(-2)?
5, 17
Let x be (6/(-9))/((-8)/396). Let p = 7 + x. What are the prime factors of p?
2, 5
Let p be (((-28)/1)/(-4))/(-1). Let i = 0 - p. List the prime factors of i.
7
Suppose 0 = -5*f + 8 + 2. Suppose 4*i - f - 6 = 0. What are the prime factors of (-3 - -4) + 0 + i?
3
Let x(o) = 3*o**2 - o. Let h be x(2). Suppose 5*u + 0*u - h = 0. What are the prime factors of u?
2
Let m(t) = 18*t - 2. Let h be m(3). Let x = 10 + -6. Suppose h = x*n + 4. List the prime factors of n.
2, 3
Let j = -6 + 13. Let r be ((-4)/(-8) + -1)/(2/16). Let i = j - r. List the prime factors of i.
11
List the prime factors of (68/6)/((-34)/(-51)).
17
Let d(s) = s**2 + 10*s. Let m be d(-9). Let c(z) = -z**2 - 11*z - 8. Let n be c(m). Suppose -h = o, -2*o = -0*h - 3*h + n. List the prime factors of h.
2
Suppose 1 = f - 5*c - 41, 5*f - 2*c - 233 = 0. List the prime factors of f.
47
Suppose 2*k = 3*m + 62, -3*m = 4*k - 14 + 52. Let a be 4/m - 885/27. What are the prime factors of (-423)/a + 4/22?
13
Let l(p) = p**3 - 3*p**2 + p + 1. Let d be l(3). Suppose -16 = -2*x - 2*x. Suppose -2*q + 17 = -s, x*q + d*s - 84 = -32. List the prime factors of q.
2, 5
Suppose 0*v = v - 5*f + 10, 4*f + 4 = 0. Let m be 10/4*(-12)/v. Suppose -i + 8 + m = 0. What are the prime factors of i?
2, 5
Suppose r - 2*r + 52 = 0. Suppose -4*g = -108 - r. What are the prime factors of g?
2, 5
Suppose -k = 15 - 66. List the prime factors of k.
3, 17
Let p(q) = -q + 3. Let c(g) = -g**2 - 6*g + 2. Let d be (-21)/((-6)/2)*-1. Let y be c(d). List the prime factors of p(y).
2
Let u(j) = 2*j**2 + 3*j + 1 - 11*j + 4*j + 5*j. What are the prime factors of u(-1)?
2
Let i = -5 + 8. Suppose -2*d + 5*o = -i, 1 = 2*d - o - 14. What are the prime factors of d?
3
Let v(h) be the second derivative of -h**4/12 - 2*h**3/3 + 2*h**2 - 2*h. What are the prime factors of v(-3)?
7
Suppose 0 = 3*c - 5*c - 16. Let j = -2 - c. Suppose j = -k - 4*p + 31, 4*p - 43 = -3*k. What are the prime factors of k?
3
Let o(y) = y + 2*y**2 - 2 + 0 - 3 + 6. What are the prime factors of o(-2)?
7
Let q(o) = o. Let b = -4 - -5. Let x(c) = c**2 - 6*c - 6. Let z(t) = b*x(t) + 2*q(t). What are the prime factors of z(6)?
2, 3
Let u = 10 + -5. Let j be 5*(1 - 1/5). Suppose u*c + j = 24. What are the prime factors of c?
2
Let a(z) = 1. Let f(j) = -2*j - 5. Let u be 12/(-14)*21/3. Let d(w) = u*a(w) - f(w). List the prime factors of d(2).
3
Let w(c) = 2*c. Let a(v) = -10*v. Let j(k) = 3*a(k) + 14*w(k). Suppose 4*u = -2*r + 2, 0*r - 4*r - 3*u - 1 = 0. What are the prime factors of j(r)?
2
Let b be 1 + (-2)/(-4)*2. Suppose -b*z = -3*f + 2, 0*z + 4*z - 6 = f. List the prime factors of z.
2
Suppose -4*j + 134 = -114. What are the prime factors of j?
2, 31
Let j = 44 + -6. List the prime factors of j.
2, 19
Suppose -q = -3*x - 83, -1 = -x + 4*q - 25. Suppose 153 = 4*o + 3*s, 2*o + 36 = 3*o + 3*s. Let p = x + o. List the prime factors of p.
11
Let k = 11 - 1. List the prime factors of (-6)/(-9) + k/3.
2
Suppose -c = g - 6*c - 61, c = 4*g - 244. What are the prime factors of g?
61
Let d be (-3)/9 - 48/(-9). Suppose -3*p = -4 - d. Let l = 9 + p. What are the prime factors of l?
2, 3
Let f(v) = 9 - 8 + 2*v - v. List the prime factors of f(3).
2
Let j = 6 + -2. Suppose -28 + 0 = -j*r. List the prime factors of r.
7
Suppose -2*q + 3*q - 5*w - 81 = 0, -463 = -5*q - 4*w. What are the prime factors of q?
7, 13
Let k = 115 + -60. What are the prime factors of k?
5, 11
Suppose -2 + 6 = t. Let f be (-1)/1*1 - -1. Suppose q + f*q - t = 0. What are the prime factors of q?
2
Let a(f) = -f**3 - 6*f**2 + 8. Let i be a(-6). Let r be 6/1*(-4)/i. Let k(t) = -6*t - 4. List the prime factors of k(r).
2, 7
Suppose 4*f = -5*a + 240, -a - 5*f = 3*a - 201. Let i = a - 31. List the prime factors of i.
13
Suppose 5*n + 904 = 5*i + 4*n, -5*i + 4*n = -901. What are the prime factors of i?
181
Let v be 1 + -1 + (0 - -54). Let y be 1 + -5 - (8 - 15). Suppose y*j = j - m + 33, 4*j - 2*m = v. What are the prime factors of j?
3, 5
Let a be 19/(-1 + (-3)/(-2)). Suppose 54 + a = 4*c. List the prime factors of c.
23
Let g(f) = -f**2 + 7*f + 80. What are the prime factors of g(0)?
2, 5
Suppose -3*i + 11 = -25. Suppose 2*k = -k + i. List the prime factors of k.
2
Let o be (0 + -3 - -1)/(-1). List the prime factors of ((-6)/(-9))/(o/33).
11
Suppose 0 = -0*q - 3*q + 36. Let s be 1 + 1 + (q - 9). Suppose 87 - 22 = s*m. What are the prime factors of m?
13
Let b = 20 - 16. Suppose -y + 120 = 4*n + n, 3*y + 77 = b*n. List the prime factors of n.
23
Let x(t) = 2*t**2 + 10*t + 30. List the prime factors of x(-10).
2, 5, 13
Suppose 3 - 27 = -4*m. Suppose i + 104 = m*i + 4*z, 22 = i + 2*z. What are the prime factors of i?
2, 5
Let o(p) = 2*p**2 + p + 6. What are the prime factors of o(-4)?
2, 17
Suppose -506 = -4*c - 5*p, 8*c = 3*c + 5*p + 655. What are the prime factors of c?
3, 43
Suppose 3*n + 13 = -17. Suppose -3*o = 2*w - 11, 7 = 4*w - 3*o - 6. List the prime factors of w/(-2) + 0 - n.
2
Suppose -3*q + 15 + 0 = 0. List the prime factors of q.
5
Let u = 12 - 6. Suppose u = -3*d, -2*w + 2 = -0*w + 4*d. Suppose 27 = -2*q + w*q. List the prime factors of q.
3
Let c = 2 - 0. What are the prime factors of c?
2
Suppose 5*b + 18 = 3*b. Let f(y) = y**2 + 7*y - 11. List the prime factors of f(b).
7
Suppose -15*g = -13*g - 8. Suppose -g*p = 3*c - 25, p + 3*p - 7 = 3*c. What are the prime factors of c?
3
Let x = 2 + 3. List the prime factors of -1*2 - (-17 + x).
2, 5
Let v(c) = -c**3 + 17*c**2 - 17*c - 2. Let x be v(16). Let o(m) = -30*m**2 - m + 3. Let r be o(-3). What are the prime factors of r/(-27) + (-4)/x?
2, 5
Let r(d) = -3*d**3 - 5*d**2 - 2*d + 1. List the prime factors of r(-5).
3, 29
Suppose 3*i - 4 = i. Let u = -2 - i. Let h = u - -7. List the prime factors of h.
3
Let y(t) = -t + 11. Let q(o) = 4*o + o**2 + o + 0*o. Let x be q(-5). List the prime factors of y(x).
11
Let c(r) = 3*r**2 - r. Suppose -h = -3*h. Suppose -5*g + 3*n + 19 = h, 3*g + 0*n + 3*n = -3. What are the prime factors of c(g)?
2, 5
Suppose x - 180 = -35. Suppose 0 = -4*t - t + x. What are the prime factors of t?
29
Suppose -3*x = -3*t + 7*t - 285, -x = 5. Suppose 0 = -5*d + 25, 5*d + t = 4*l - 0*d. What are the prime factors of l?
5
List the prime factors of 34/1 + -12 + 11.
3, 11
Suppose -3*f + 20 = 2*f. Suppose -16 - f = -5*v. What are the prime factors of v?
2
Suppose 3*c - 120 = -24. What are the prime factors of c?
2
Let d be 36/8 - (-1)/(-2). Suppose n + 5*r - 3 = -n, 11 = d*n + 5*r. List the prime factors of n.
2
Let m = -67 - -106. What are the prime factors of m?
3, 13
Suppose -6 = 5*z + 4*l + 11, 4*z + 10 = -5*l. Let m(c) = 41 - 2*c - 48 - 2*c. List the prime factors of m(z).
13
Let q be -1*12 + 2 + -1. Let w be 2/((-4)/34) - 3. Let f = q - w. List the prime factors of f.
3
Let q be 1/((-6)/5 + 1). What are the prime factors of (-94)/q + (-8)/(-40)?
19
Let y be (-1)/(2/4) - -5. Suppose 0 = i - y + 1. Suppose -i = 2*a - 3*a. List the prime factors of a.
2
List the prime factors of ((-826)/56)/(2/(-8)).
59
Let b(k) = 2*k**2 + 3*k - 1. Let a be b(-5). Let u = -23 + a. What are the prime factors of u?
11
Suppose -3*j = -2*j + 4. Let p = 7 - j. List the prime factors of p.
11
Suppose 1 = g - 17. Suppose 0 + g = 3*k. Suppose -u - 10 = -k*u. What are the prime factors of u?
2
Let t(i) = i**2 - 4*i. Let v be t(5). Suppose 2*d - 104 = -4*q - 26, -v*d + 180 = 5*q. Suppose -5*r = -7 - d. List the prime factors of r.
2
Let p = -4 - 1. Let k = 20 + p. List the prime factors of k.
3, 5
List the prime factors of -2 - -2 - 2*14/(-4).
7
Let a(g) be the first derivative of -g**4/4 + 5*g**3/3 - g**2/2 - 4*g - 4. Suppose 3*f + 2*f - 20 = 0. List the prime factors of a(f).
2
What are the prime factors of ((-481)/(-26))/((-2)/(-4))?
37
Suppose 4*x + 401 = 5*i - 804, 2*i - 3*x = 489. List the prime factors of i.
3, 79
What are the prime factors of -3 + 1*(30 + 2)?
29
Let y = -215 + 436. List the prime factors of y.
13, 17
Suppose -3*c + 7 = -56. Let d = c - 47. Let o = d - -38. What are the prime factors of o?
2, 3
Let t be (-206)/(-10) + 2/5.